.
-12
Suppose 2*i + 46 = 4*u, 700*i - 701*i = 2*u - 9. Let n(f) = -3*f**2 - f + 4*f**2 - 3 + 7*f. Calculate n(i).
4
Let t = -164 - -172. Suppose 0 = -t*q + 15*q + 42. Let d(x) = x**3 + 5*x**2 - 9*x - 3. What is d(q)?
15
Let n = -104 - -60. Let p be (-3)/(-12) + (n/(-16) - -1). Let a(j) = j**2 - 4*j + 3. Let u(r) = r**2 - 4*r + 2. Let k(o) = -3*a(o) + 2*u(o). Determine k(p).
-5
Let x(d) = -4*d**3 + 19*d**2 - 89*d - 5. Let w(h) = 5*h**3 - 21*h**2 + 105*h + 4. Let u(o) = 5*w(o) + 6*x(o). Calculate u(-9).
71
Let o(j) be the second derivative of -2*j + 1/12*j**4 - j**2 + 0 - 2/3*j**3. Let v = -24 + 27. What is o(v)?
-5
Let r(q) = -3059*q + 1532*q - q**2 + 1521*q. Calculate r(-5).
5
Let t(m) = m**2 - m + 1. Suppose 2*q = 2*y - 3*q - 7, 5*y - 5*q = 10. Let d be (0 + y)*(1 + -1). Suppose 0 = 3*j + 3, -j + d*j = 4*a + 1. Calculate t(a).
1
Let s be 6 - 7 - (-8 - 2). Let r(t) = t - 4 + 7*t - 18*t + t**2 + 3*t - 3. Determine r(s).
11
Let d = -36 + 61. Suppose r - 6*r = -3*g + 20, -5*g = -d. Let s(z) = 4 + 1 + 21*z - 4 - 12*z. Determine s(r).
-8
Let l(x) = -2*x**2 + 3*x - 1. Let r(c) = 5*c**3 - 13*c**2 - 2*c + 21. Let s be r(2). Give l(s).
-36
Let c(m) be the third derivative of -m**4/12 + m**3 - m**2. Let l(j) = 5*j + 9. Let s(r) = -r - 1. Let y(k) = -l(k) - 4*s(k). Let d be y(-9). Give c(d).
-2
Let l(f) = 2*f**2 + 10*f + 5. Suppose 0 = -2*w + 168 - 180. Calculate l(w).
17
Let w(o) be the second derivative of -o**5/30 - 5*o**4/24 - o**3/3 - 9*o**2/2 + 80*o. Let v(i) be the second derivative of w(i). Determine v(-6).
19
Suppose 0 = -k - 0*k + 2. Let b(x) = 4 + 0*x**2 - 3*x**k + 4*x**2. Let c = -8103 + 8100. Determine b(c).
13
Let t(u) = 3*u**3 - 2*u**2 - 2*u + 1. Let k = 163 + -161. Determine t(k).
13
Let l(g) = 2*g**2 + 3*g + 4. Let p be (-17221)/6078 - (1 + (-5)/6). What is l(p)?
13
Let c(m) = 2*m**2 + 39*m - 14. Let y be c(-20). Let d(r) = -15*r**3 + y*r**2 - 75 + 14*r**3 + 66 + 3*r. Calculate d(6).
9
Let s(k) = k**3 - 14*k**2 + 2*k + 138. Suppose -141*w - 11 = -140*w + 4*v, 0 = 4*w + v - 46. Calculate s(w).
-5
Let z(r) = r - 61. Let y = -3930 + 3930. What is z(y)?
-61
Let w(y) = y + 12. Let f = 758 + -758. Determine w(f).
12
Suppose 0 = -0*p - 4*p + 4*b, -10 = -5*p - 5*b. Let v(r) be the second derivative of -9 - 1/3*r**3 - 1/2*r**2 - r. Calculate v(p).
-3
Let c(z) = 12*z + 12. Let k be c(-4). Let w = -39 - k. Let t(o) be the third derivative of o**6/120 + o**5/12 + o**4/8 - o**3/2 - 89*o**2. Calculate t(w).
6
Let u(o) be the first derivative of 2*o**3/3 - 15*o**2 + 52*o + 4492. What is u(14)?
24
Let n(z) = 3*z. Let d be n(3). Suppose d*o = -3*o + 72. Let u(r) = o - 10*r + 14*r**2 + 2 - 13*r**2. Give u(7).
-13
Let t = -21597 - -21599. Let c(r) be the third derivative of -1/30*r**5 + 25*r**t + 0*r - 1/12*r**4 + 0 - 1/6*r**3. Determine c(-1).
-1
Let u(v) = 2*v - 10. Let x be 48/(-9) - -2 - (-8)/(-12). Let j be -69 + 4/(-6) + x/12. Let r be (-600)/j - 4/7. What is u(r)?
6
Let r = 10 - 12. Let t be r/(-4)*(2 + -10). Let z(x) = 4*x**3 + x**2 - 6*x - 5. Let m(c) = c**3 + c**2 - c - 1. Let o(y) = 5*m(y) - z(y). Give o(t).
-4
Let i(a) be the second derivative of 5/6*a**4 + 1/120*a**6 + 1/120*a**5 + 0*a**2 + 0*a**3 + 0 - 11*a. Let f(g) be the third derivative of i(g). Determine f(2).
13
Suppose 5 = -5*u + 10*u. Let d(g) be the first derivative of 29*g**3/3 - g**2/2 - 344. Determine d(u).
28
Let r = 14890 + -14887. Let u(z) be the first derivative of -1/4*z**4 + 24 + 4*z - 3*z**2 + 5/3*z**r. Give u(4).
-4
Let d(j) be the first derivative of -2*j**5/15 + j**4/8 - j**3/2 - j**2 + 25*j + 16. Let x(u) be the second derivative of d(u). Determine x(2).
-29
Let y(o) be the second derivative of -17*o**3/2 - 99*o**2 - 4088*o. Determine y(-4).
6
Suppose -263 = -143*l + 595. Let b(q) be the third derivative of 0*q - 3/8*q**4 - 48*q**2 + 3/20*q**5 + 0 + 5/3*q**3 - 1/120*q**l. Calculate b(8).
2
Let h(v) be the third derivative of v**6/120 - v**5/12 - v**4/4 + v**3 - 2*v**2 - 118*v. Calculate h(5).
-24
Let z(m) = m**2 + 48*m**3 - 149*m**3 + m + 52*m**3 - 11 + 48*m**3. Let y be 0/(-4 - -4 - -3). Calculate z(y).
-11
Let b(y) = -3*y - 97. Let r be b(-33). Let c(k) = -2*k**r - 7*k**3 + 14 + 20 - 33. Calculate c(-1).
6
Let s(b) = 326*b + 1635. Let g be s(-5). Let u(r) = r**2 - 11*r + 25. Calculate u(g).
-5
Let f(h) = 2*h**2 - 32*h + 12. Suppose 0 = -5*w + 7*k + 7, 2*k = -5*w - 2*k + 51. Let b(a) = 3*a**2 - 47*a + 19. Let t(x) = w*f(x) - 5*b(x). Calculate t(10).
-1
Let h(k) = k**2 + 19*k + 80. Let m = 14599 - 14605. Calculate h(m).
2
Let j(r) be the second derivative of -7/6*r**3 + 4*r**2 + 1/12*r**4 + 31*r + 0. Suppose -v + 0*v + 10 = -3*c, -3*c + 25 = 4*v. Calculate j(v).
8
Let x(c) = 6*c + 3. Suppose -1367*y - 194 = -1366*y. Let d = 183 + y. Calculate x(d).
-63
Let z(u) be the first derivative of 5*u**2 + 18*u - 12736. Give z(-16).
-142
Let s(r) = 6*r - 19*r + 18 - 7*r + 11*r. Give s(9).
-63
Let x(w) = -w**2 - 8*w - 7. Let b be x(-6). Let u(k) = -58834*k**3 + 58833*k**3 - 20 + 5*k**2 + 2*k - 2*k + 17. What is u(b)?
-3
Suppose 0 = -2*b - 2*x + 138, 110 + 165 = 4*b + 3*x. Let j = -41 + b. Let p = 27 - j. Let r(o) = -o**2 - o - 1. Calculate r(p).
-1
Let q(a) = -6*a**2 + 3*a + 2. Let h = 8422 + -8424. Calculate q(h).
-28
Let b = 162 - 112. Suppose 0 = -48*z + b*z - 6. Let d(c) = z + c + 2 - 7 + 0. Give d(5).
3
Suppose -3 + 19 = 4*n. Let i(b) = -3*b + 37. Let l(g) = -g**2 + 19*g - 187. Let m(y) = -5*i(y) - l(y). Determine m(n).
2
Let w(v) = -3*v**2 - 88*v + 41. Suppose 693 = -223*b - 5997. Calculate w(b).
-19
Let w(u) = -8*u**2 - 79*u - 23. Let f(m) = 5*m**2 + 41*m + 12. Let q(p) = 7*f(p) + 4*w(p). Calculate q(10).
2
Let x(c) be the second derivative of 3/2*c**2 + 0 - 1/12*c**4 + 16*c + 0*c**3 + 1/20*c**5. Calculate x(0).
3
Let f(p) be the first derivative of p**3 + 27*p**2/2 + 17*p + 52. Let m be f(-8). Let k(r) = r**3 + 6*r**2 - 8*r - 7. Calculate k(m).
0
Let q(w) = w**3 + 5*w**2 - 6*w + 1. Suppose 2*g - 3*g = -2*p - 38, 0 = -4*p + 12. Let r = -167 + 117. Let c = g + r. Give q(c).
1
Let m(c) = -23*c + 166*c**2 + 6*c - 104*c**2 - 61*c**2 + 21. What is m(11)?
-45
Let d(b) = -b**3 + 7*b**2 - 6*b + 12. Let a = 3372 - 3365. Calculate d(a).
-30
Let a be (35/14)/(5/50). Let q(b) = -27 - b**2 - 22 + a. Give q(0).
-24
Let w(d) = 70*d - 20245 + 20233 - 141*d + 72*d. Suppose 18 = c + 6. What is w(c)?
0
Let d(p) = -7*p**2 - 29*p - 21. Let s = -3319 + 3316. What is d(s)?
3
Suppose -3*j - 155 = -4*l, -l + j + 37 = 2*j. Let m(f) = -l + 2*f + 34 - 3*f. Suppose -24 = 7*c - 3*c + 3*o, 4*o = 0. Calculate m(c).
2
Suppose j - 4*q + 45 = 0, 0*j = 5*j + q + 204. Let v = 35 - j. Let c(r) = 12 - v*r**3 - 71*r**3 + 11*r**2 + 146*r**3 - r**2 - 11*r. Give c(9).
-6
Let n(k) = 13*k + 17 + 0 + 4 + 13. What is n(-4)?
-18
Suppose 4*u = -3 + 7. Let n(i) = -14*i**3 - 11*i**2 - 6*i - 18. Let o(b) = -41*b**3 - 31*b**2 - 17*b - 51. Let y(m) = 17*n(m) - 6*o(m). What is y(u)?
7
Let v(i) = i**2 - 14*i + 14. Suppose 2*y - 10 = 0, -15*a + y = -19*a + 49. Give v(a).
-19
Suppose -58*i + 56*i + 8 = 0. Suppose -y + 0 = i. Let x(a) = -2*a - 6. Determine x(y).
2
Let j(u) = 3*u**2 - 5*u + 5. Suppose -60 = 3*h - 96. Suppose o + 0 - 2 = -2*f, o + h = 5*f. Give j(f).
7
Suppose -3*k = -3*g + 3, 0 = 2*k + 2*g + 7 - 21. Let v be 4/6 - (-160)/12. Let q(b) = b - 1345 + 1345 + v*b**k. What is q(-1)?
-15
Let q(z) = -z**2 + 7*z - 3. Let o = -35 + 40. Suppose -2*h - k = -3*k + 2, o*h - 3 = 3*k. Suppose -3*r + b = -h - 14, 0 = 2*r + b - 18. Give q(r).
-3
Let m = 636 + -634. Let x(b) = -7*b + 47 - 55 + 38*b**3 - 39*b**3 + 8*b**m. Determine x(7).
-8
Let f be -1 - (-3 + 9 + 0 + 2). Let d(p) = -p**3 + 71*p - 2*p**2 - 81*p - 8*p**2 - 3. Give d(f).
6
Let u(f) = -4*f**3 - 3*f**2 - 9*f - 2. Let p(w) = w**3 + w**2 + w. Let l(i) = 5*p(i) + u(i). Let c be (6/(-9))/((-1)/6). Let n = -7 + c. Give l(n).
1
Suppose -3*w = 5*w - 800. Let r = w + -98. Let c(z) = z**2 - 5*z + 3. Calculate c(r).
-3
Let l(z) = -2*z**2 - z + 2. Let t(g) = 7*g**2 + 7*g - 7. Let d(r) = -3*l(r) - t(r). Let w(o) = -o**3 - o**2 + 14*o + 4. Let j be w(-4). Calculate d(j).
1
Let s(l) be the third derivative of -l**7/840 - l**6/90 - l**5/120 - l**4/24 - l**3/3 + 24*l**2 + 1. Let w(g) be the first derivative of s(g). What is w(-3)?
-7
Let p = -678 + 838. Let g(x) = 80 - x**2 - 8*x**2 +